 1040. Suppose 11*h - w = 2*h. Is h a prime number?
False
Let o(k) = 55*k - 3. Let r(a) = 2*a + 60. Let w be r(-20). Is o(w) a composite number?
False
Let m(y) = -y**2 + 2*y + 4. Let z be m(3). Is 1/(592/(-596) + z) a composite number?
False
Let y(v) be the third derivative of 8*v**5/15 + 3*v**4/8 - 5*v**3/6 + 5*v**2. Let k(m) be the first derivative of y(m). Is k(4) composite?
True
Let u(b) = b**3 - 6*b**2 - 5*b - 9. Let t be u(7). Suppose 0 = t*s + 172 + 193. Let w = 40 - s. Is w composite?
False
Let j = 21 - 36. Let m be ((-4)/(-5))/((-3)/j). Suppose -4 = 2*h, -5*k = m*h - 293 - 244. Is k prime?
True
Let l(w) = 49*w**2 + 30*w + 11. Let v(t) = -48*t**2 - 30*t - 11. Let o(y) = 5*l(y) + 4*v(y). Is o(-12) a prime number?
True
Suppose 20 = -3*j + 2*j. Is (-12)/8*j/3 a prime number?
False
Suppose 15*h = 10*h - 3*g + 295952, 4*h = -4*g + 236760. Is h composite?
True
Is (6698/591)/(4/2994) composite?
True
Let h = 22329 + -15046. Is h composite?
False
Is 6/14 + 1130616/252 a composite number?
True
Let a be (1 + 1 + -3)*-9. Is (-14)/63 - (0 + (-1793)/a) a composite number?
False
Let c = 826 + 22027. Is c composite?
False
Suppose -170*t = -177*t + 96229. Is t composite?
True
Let d(m) = -4*m**3 + m**2 - 5*m - 3. Let y = -5 + 2. Is d(y) composite?
True
Let j = 7 + -3. Let d be j/8*8 + -2. Suppose 2*z = b - 203, b + z + d*z - 223 = 0. Is b composite?
False
Suppose 6*w = -3*x + 2*w + 189555, -2*x - w + 126370 = 0. Is x composite?
True
Suppose -29*b + 9164 = -25*b. Let a = b + -1629. Is a a prime number?
False
Suppose -5*s = -207 - 273. Is (-24)/s + 8658/8 a composite number?
True
Suppose -2*r + r = -12. Suppose -r = -w + 165. Suppose -5*f + w = -68. Is f a composite number?
True
Let n be (-27)/(-18)*16/6. Suppose 4*t = 36 + n. Is t prime?
False
Let m(b) = 15*b**2 + 17*b - 2. Let j be m(9). Is (5/2 - 1)*j composite?
True
Suppose 3*b = 7*b - 3*y - 26951, -b + 4*y = -6741. Is b a composite number?
False
Let h = 46 - -58. Let u = 415 + h. Is u a prime number?
False
Let h = -22 + 27. Suppose -2*r = 4*b - 646, -h*r = -3*b - 2171 + 595. Is r prime?
True
Let i = -17 + 25. Let w be 12/i + (-3)/(-6). Suppose 2*t = w*q - 104, 0 = 2*q - 3*t - 44 - 57. Is q prime?
False
Suppose -15*m + 18*m = 106311. Is m prime?
True
Suppose 51*d = 43*d + 26504. Is d a prime number?
True
Suppose 18 = 6*j - j - i, -15 = -j + 4*i. Suppose -4*o = j*r - o - 2754, -2758 = -3*r + o. Is r a composite number?
False
Let h(v) = -v**2 + 6*v + 10. Let a be h(7). Suppose 9 = 2*b - a. Suppose -2*y - 4*p = -818, -b*p = -4*y - 2*p + 1624. Is y composite?
True
Suppose 9*i = 4*i + r + 11, -4*i = -3*r. Let y be 37/i + 5/(-15). Is 4/y - 164/(-3) a composite number?
True
Let o be (14/(-49))/(26/14 + -2). Suppose -4*g + o*g = -530. Is g composite?
True
Let c = -930 + 1788. Suppose -8*w + c = -2*w. Is w a composite number?
True
Suppose g + 11 = 3*s, -g = -5*s + 24 - 3. Suppose -3*p + 1789 = -2*x + 6*x, p = -s*x + 2228. Is x prime?
False
Let d = 28244 - 15211. Is d a composite number?
False
Suppose -108*p - 27785 = -113*p. Is p composite?
False
Is (-945432)/(-15) - ((-9)/(-5) - 2) prime?
True
Suppose 5*u - 10 - 5 = 0. Let q be -11 + 0 + (-9)/u. Is q/21*(-273)/2 prime?
False
Let k(q) be the first derivative of 55*q**4/2 - 2*q**3/3 + q**2 - q + 1. Is k(1) a composite number?
False
Let i(u) = -u**2 + u + 9. Let f be i(3). Suppose 3*v - 632 = -2*o + 177, -f*v + 1603 = 4*o. Is o a composite number?
False
Is ((-2)/(-12))/((-5)/98205)*-2 a prime number?
True
Suppose 2*n - 3*n = 2. Let m be (3/6)/(n/(-1900)). Is 22/(-121) + m/11 a prime number?
True
Let j(o) = o - 4. Let i be j(4). Suppose 2*f + 598 = 4*r - i*r, 4*r + 5*f - 591 = 0. Is r a composite number?
False
Let x(s) = -45*s - 22. Let z(n) = 46*n + 23. Let a(r) = -4*x(r) - 3*z(r). Is a(16) a prime number?
True
Let j(v) = -14*v - 9. Let d be j(7). Let q = d + 160. Is q a prime number?
True
Suppose -4*f + 0*f = 28. Let x(n) = -n**3 - 6*n**2 - 9*n - 21. Let y(z) = -z**3 - 6*z**2 - 9*z - 22. Let w(l) = 5*x(l) - 4*y(l). Is w(f) prime?
False
Is -1*(-22333 + 1 + -7) a prime number?
False
Let f(n) = -3 - n - n**2 + 5 + 0 - 4*n. Let c be f(-6). Is (1 - -283) + (-1 - c) composite?
True
Let x = -9628 + 30345. Is x composite?
False
Let m(o) = 7*o**2 + o - 1. Suppose 5*r = -79 - 16. Let v = 22 + r. Is m(v) prime?
False
Suppose -7*h + 5*h = -1376. Let v = 847 + h. Is v a composite number?
True
Let p be 26/((-2)/(3 - 4)). Let w = -10 + p. Suppose 4*h - 27 = -w. Is h a composite number?
True
Let s(u) = 572*u + 45. Is s(7) prime?
True
Suppose 20 = 5*v, -5*b + 0*v - 4*v + 36 = 0. Suppose -b*c + 2*h + 266 = 0, 3*c - 3*h - 2*h = 196. Suppose -c = 8*z - 9*z. Is z a prime number?
True
Suppose -306 - 234 = -4*n. Let t = -79 + 149. Let l = n - t. Is l prime?
False
Let y(m) = 198*m**2 - 12*m - 7. Is y(3) a composite number?
True
Suppose 192 = 5*c - 2*a, c - 12 = -2*a + 24. Is 22*(-2 + (-12)/(-16)*c) a composite number?
True
Suppose -19362 = -3*i - 5*k, 5*i + 19*k - 32251 = 17*k. Is i composite?
False
Let d be -2 - (-6 + (-2 - -4)). Suppose -3*p + 2 = -d*p. Suppose 0 = -u - p*u + 285. Is u a composite number?
True
Suppose -512*a = -507*a - 17935. Is a a prime number?
False
Let c = 62755 - 37766. Is c a prime number?
True
Let q = 7627 + -1008. Is q composite?
False
Suppose -5*u + 10*u = 5*o - 184985, 4*o - 3*u - 147988 = 0. Is o a prime number?
True
Let a(v) = 24*v**2 - 12*v - 39. Let s(g) = -48*g**2 + 23*g + 77. Let h(q) = 5*a(q) + 2*s(q). Is h(-11) composite?
True
Let l = 28392 - 12209. Is l prime?
True
Let f(x) = -2*x**2 - 37*x. Let b(p) = p - 1. Let z(m) = -5*b(m) - f(m). Is z(-17) a composite number?
True
Suppose -2*f = -4*r + 25462, -5*r + 4*f + 9872 = -21954. Suppose r = -3*p + 9*p. Is p composite?
False
Let v(l) = 44*l**3 + l**2 - 12*l + 89. Is v(6) a prime number?
False
Let u = 8354 - 5527. Is u composite?
True
Is ((-392785)/34)/((-4)/8) composite?
True
Let d(c) = 5*c**3 + 3*c**2 - 4*c + 2. Let n be 0 + 7 - 1 - -3. Suppose 5*x + 3*b - 34 + n = 0, 0 = -3*b + 15. Is d(x) composite?
True
Let f be (3 + -1 - 1) + 0 + 2. Suppose -f*w - w + 1588 = 0. Is w prime?
True
Let z(j) be the second derivative of 12*j - 221/6*j**3 + 0 + 5/2*j**2. Is z(-4) a prime number?
False
Let z(i) = -392*i + 1. Let t be 3 + (2 - 5)/1. Let a be 0 - 1 - t/1. Is z(a) a prime number?
False
Suppose -6*z + z + 10 = 0. Suppose -3*g + 2*m + 2233 = 0, z*m = -2 + 4. Is g prime?
False
Suppose j + 2*c = -14, -19 = 2*j + 4*c - 3*c. Let m(t) = 9*t**2 - 3*t + 10. Let i be m(j). Let s = -363 + i. Is s a prime number?
False
Let f(m) = m**2 + 10*m + 12. Suppose 0 = 2*v - 3*v - 9. Let c be f(v). Is 109*3/(c - 0) prime?
True
Suppose 2*h - 3 - 25 = 4*x, -6 = 2*x - 3*h. Is (-24)/(-36) + (-7977)/x a composite number?
False
Let r = -7 - -9. Let l be 49/14 + r/(-4). Suppose 2*u + 157 = l*u. Is u a composite number?
False
Let z(p) = -15*p**3 + 5*p**2 - 85*p + 81. Let b(t) = 3*t**3 - t**2 + 17*t - 16. Let m(y) = 11*b(y) + 2*z(y). Is m(8) a composite number?
True
Let d = -13080 + 20722. Is d a prime number?
False
Let b = -168 + 185. Let m(i) = 0*i**3 + 4*i - 9 + 17*i**2 - i**3 + 6*i. Is m(b) composite?
True
Suppose -4*k + f - 5*f - 24 = 0, 3*k = 2*f + 7. Let w be 1 - (-2 - -3)/k. Suppose -z + 241 = z + 5*b, z + w*b - 121 = 0. Is z a prime number?
False
Let j(o) = o**3 + 8*o**2 + 7*o + 7. Let c be j(-7). Let q = 11 - c. Is 0 + (7 - 4) + q prime?
True
Suppose -110*w - 14862 = -116*w. Is w a prime number?
True
Is (6119/2)/((-99)/(-18) - 5) a composite number?
True
Let p be 447 + (1 - 1) + -3. Let z = 853 - p. Is z a prime number?
True
Suppose -c = 4*c + 5*g - 10, -5*c - 3*g + 10 = 0. Is 19864/10 - ((-28)/(-20) - c) a prime number?
True
Let t(j) be the third derivative of -7/60*j**5 + 0*j - 1/40*j**6 - 9*j**2 + 0 - 1/24*j**4 - 5/6*j**3. Is t(-4) composite?
False
Let v = 9 + -43. Let f = v + 587. Is f a prime number?
False
Let r = 14 + -1. Let p be r + -4*1 + 3. Suppose 127 = -11*k + p*k. Is k a composite number?
False
Let i(z) be the third derivative of -13*z**6/120 - z**5/10 + z**4/24 - 3*z**3/2 - 4*z**2. Is i(-5) a prime number?
False
Let z(s) = -4*s - 27. Let b be z(-13). Suppose -29*w + 492 = -b*w. Is w a composite number?
True
Is 6839/1 + -2 + -2 + 0 a prime number?
False
Suppose -3*y + 8 + 55 = 0. Let t be ((-12)/y)/(2/7). Is (